{"id":232,"date":"2021-10-20T12:17:58","date_gmt":"2021-10-20T10:17:58","guid":{"rendered":"https:\/\/www.dewe-immo.de\/?page_id=232"},"modified":"2025-02-04T16:04:28","modified_gmt":"2025-02-04T14:04:28","slug":"projektentwicklung","status":"publish","type":"page","link":"https:\/\/www.dewe-immo.de\/?page_id=232","title":{"rendered":"Projektentwicklung"},"content":{"rendered":"<p><section class=\"kc-elm kc-css-298690 kc_row\"><div class=\"kc-row-container  kc-container\"><div class=\"kc-wrap-columns\"><div class=\"kc-elm kc-css-558404 kc_col-sm-12 kc_column kc_col-sm-12\"><div class=\"kc-col-container\">\n<div class=\"kc-elm kc-css-416241 kc-title-wrap \">\n\n\t<h2 class=\"kc_title\">Projektentwicklung<\/h2>\n<\/div>\n<div class=\"kc-elm kc-css-313759 kc_text_block\"><\/p>\n<p>Wir sind Partner f\u00fcr rentable und stabile Immobilienanlagen, welche langfristig weitgehendst inflationsgesch\u00fctzte\u00a0 Sachwerte bilden und dem individuellen Verm\u00f6gensaufbau dienen.<\/p>\n<p>Wir suchen nicht ausschlie\u00dflich auf speziellen Kundenwunsch Baugrundst\u00fccke oder Bestandsimmobilien, sondern sind immer selbst bem\u00fcht, neue Ans\u00e4tze und Ideen, welche aus Sicht einer Projektentwicklung und der Chance auf Wertstabilit\u00e4t und guter Rendite sinnvoll sind, zu eruieren.\u00a0 Dabei betrachten wir nebst dem Deutschen Markt auch das EU-Ausland mit all seinen individuellen Vorz\u00fcgen und M\u00f6glichkeiten.<\/p>\n<p>Dabei sind wir stets in der Lage die gesamte immobilienwirtschaftliche Wertsch\u00f6pfungskette (Akquisition, Projektfinanzierung, Projektplanung, Schaffung baurechtlicher Grundlagen, Baudurchf\u00fchrung, Vermietung, Verkauf) unter Einbindung unserer Partner umzusetzen.<\/p>\n<p>\n<\/div><\/div><\/div><\/div><\/div><\/section><section class=\"kc-elm kc-css-458620 kc_row\"><div class=\"kc-row-container  kc-container\"><div class=\"kc-wrap-columns\"><div class=\"kc-elm kc-css-402856 kc_col-sm-4 kc_column kc_col-sm-4\"><div class=\"kc-col-container\"><div class=\"kc-elm kc-css-761580 kc_shortcode kc_single_image\">\n\n        <img decoding=\"async\" src=\"https:\/\/www.dewe-immo.de\/wp-content\/uploads\/2021\/10\/Bild1-1.jpg\" class=\"\" alt=\"\" \/>    <\/div>\n<\/div><\/div><div class=\"kc-elm kc-css-994624 kc_col-sm-4 kc_column kc_col-sm-4\"><div class=\"kc-col-container\"><div class=\"kc-elm kc-css-234276 kc_shortcode kc_single_image\">\n\n        <img decoding=\"async\" src=\"https:\/\/www.dewe-immo.de\/wp-content\/uploads\/2021\/10\/Bild2-1.jpg\" class=\"\" alt=\"\" \/>    <\/div>\n<\/div><\/div><div class=\"kc-elm kc-css-149763 kc_col-sm-4 kc_column kc_col-sm-4\"><div class=\"kc-col-container\"><div class=\"kc-elm kc-css-439780 kc_shortcode kc_single_image\">\n\n        <img decoding=\"async\" src=\"https:\/\/www.dewe-immo.de\/wp-content\/uploads\/2021\/10\/Bild3-1.jpg\" class=\"\" alt=\"\" \/>    <\/div>\n<\/div><\/div><\/div><\/div><\/section><\/p>\n","protected":false},"excerpt":{"rendered":"","protected":false},"author":1,"featured_media":0,"parent":0,"menu_order":0,"comment_status":"closed","ping_status":"closed","template":"","meta":{"footnotes":""},"class_list":["post-232","page","type-page","status-publish"],"_links":{"self":[{"href":"https:\/\/www.dewe-immo.de\/index.php?rest_route=\/wp\/v2\/pages\/232","targetHints":{"allow":["GET"]}}],"collection":[{"href":"https:\/\/www.dewe-immo.de\/index.php?rest_route=\/wp\/v2\/pages"}],"about":[{"href":"https:\/\/www.dewe-immo.de\/index.php?rest_route=\/wp\/v2\/types\/page"}],"author":[{"embeddable":true,"href":"https:\/\/www.dewe-immo.de\/index.php?rest_route=\/wp\/v2\/users\/1"}],"replies":[{"embeddable":true,"href":"https:\/\/www.dewe-immo.de\/index.php?rest_route=%2Fwp%2Fv2%2Fcomments&post=232"}],"version-history":[{"count":14,"href":"https:\/\/www.dewe-immo.de\/index.php?rest_route=\/wp\/v2\/pages\/232\/revisions"}],"predecessor-version":[{"id":332,"href":"https:\/\/www.dewe-immo.de\/index.php?rest_route=\/wp\/v2\/pages\/232\/revisions\/332"}],"wp:attachment":[{"href":"https:\/\/www.dewe-immo.de\/index.php?rest_route=%2Fwp%2Fv2%2Fmedia&parent=232"}],"curies":[{"name":"wp","href":"https:\/\/api.w.org\/{rel}","templated":true}]}}